{"id":2640,"date":"2024-08-20T23:58:19","date_gmt":"2024-08-20T21:58:19","guid":{"rendered":"https:\/\/alk-service.com\/store\/?post_type=product&#038;p=2640"},"modified":"2025-06-04T10:15:01","modified_gmt":"2025-06-04T08:15:01","slug":"housse-matelas-lit-2-personnes-l200-x-l160-epaisseur-21-cm","status":"publish","type":"product","link":"https:\/\/alk-service.com\/store\/product\/housse-matelas-lit-2-personnes-l200-x-l160-epaisseur-21-cm\/","title":{"rendered":"Housse matelas lit 2 personnes L200 X l160 \u00e9paisseur 21 cm"},"content":{"rendered":"","protected":false},"excerpt":{"rendered":"<p>Housse de matelas anti-acariens 200x160x21cm. Con\u00e7ue en microfibre 100% polyester, fabriqu\u00e9e en France, la housse Acar-Housses\u00ae assure une barri\u00e8re efficace contre les allerg\u00e8nes. Gr\u00e2ce \u00e0 sa fermeture \u00e0 glissi\u00e8re prot\u00e9g\u00e9e par un large rabat, elle enveloppe enti\u00e8rement votre matelas, bloquant les acariens qu\u2019il peut contenir.<\/p>\n","protected":false},"featured_media":2687,"template":"","meta":[],"product_brand":[],"product_cat":[24],"product_tag":[],"class_list":{"0":"post-2640","1":"product","2":"type-product","3":"status-publish","4":"has-post-thumbnail","6":"product_cat-housses-matelas","8":"first","9":"instock","10":"featured","11":"shipping-taxable","12":"purchasable","13":"product-type-simple"},"_links":{"self":[{"href":"https:\/\/alk-service.com\/store\/wp-json\/wp\/v2\/product\/2640","targetHints":{"allow":["GET"]}}],"collection":[{"href":"https:\/\/alk-service.com\/store\/wp-json\/wp\/v2\/product"}],"about":[{"href":"https:\/\/alk-service.com\/store\/wp-json\/wp\/v2\/types\/product"}],"wp:featuredmedia":[{"embeddable":true,"href":"https:\/\/alk-service.com\/store\/wp-json\/wp\/v2\/media\/2687"}],"wp:attachment":[{"href":"https:\/\/alk-service.com\/store\/wp-json\/wp\/v2\/media?parent=2640"}],"wp:term":[{"taxonomy":"product_brand","embeddable":true,"href":"https:\/\/alk-service.com\/store\/wp-json\/wp\/v2\/product_brand?post=2640"},{"taxonomy":"product_cat","embeddable":true,"href":"https:\/\/alk-service.com\/store\/wp-json\/wp\/v2\/product_cat?post=2640"},{"taxonomy":"product_tag","embeddable":true,"href":"https:\/\/alk-service.com\/store\/wp-json\/wp\/v2\/product_tag?post=2640"}],"curies":[{"name":"wp","href":"https:\/\/api.w.org\/{rel}","templated":true}]}}